{"id":2137,"date":"2025-11-28T10:06:08","date_gmt":"2025-11-28T10:06:08","guid":{"rendered":"https:\/\/www.mojamanufaktura.pl\/?post_type=product&#038;p=2137"},"modified":"2025-11-28T10:06:56","modified_gmt":"2025-11-28T10:06:56","slug":"bezowy-aksamitny-wianek-z-kokarda-w-krate","status":"publish","type":"product","link":"https:\/\/www.mojamanufaktura.pl\/index.php\/produkt\/bezowy-aksamitny-wianek-z-kokarda-w-krate\/","title":{"rendered":"Be\u017cowy aksamitny wianek z kokard\u0105 w krat\u0119"},"content":{"rendered":"\t\t<div data-elementor-type=\"product-post\" data-elementor-id=\"2137\" class=\"elementor elementor-2137\">\n\t\t\t\t\t\t\t\t\t<section class=\"elementor-section elementor-top-section elementor-element elementor-element-86526b6 elementor-section-boxed elementor-section-height-default elementor-section-height-default\" data-id=\"86526b6\" data-element_type=\"section\" data-settings=\"{&quot;background_background&quot;:&quot;classic&quot;}\">\n\t\t\t\t\t\t<div class=\"elementor-container elementor-column-gap-default\">\n\t\t\t\t\t<div class=\"elementor-column elementor-col-100 elementor-top-column elementor-element elementor-element-7502953\" data-id=\"7502953\" data-element_type=\"column\">\n\t\t\t<div class=\"elementor-widget-wrap elementor-element-populated\">\n\t\t\t\t\t\t\t\t<div class=\"elementor-element elementor-element-6c9356e elementor-widget elementor-widget-text-editor\" data-id=\"6c9356e\" data-element_type=\"widget\" data-widget_type=\"text-editor.default\">\n\t\t\t\t<div class=\"elementor-widget-container\">\n\t\t\t<style>\/*! elementor - v3.6.5 - 27-04-2022 *\/\n.elementor-widget-text-editor.elementor-drop-cap-view-stacked .elementor-drop-cap{background-color:#818a91;color:#fff}.elementor-widget-text-editor.elementor-drop-cap-view-framed .elementor-drop-cap{color:#818a91;border:3px solid;background-color:transparent}.elementor-widget-text-editor:not(.elementor-drop-cap-view-default) .elementor-drop-cap{margin-top:8px}.elementor-widget-text-editor:not(.elementor-drop-cap-view-default) .elementor-drop-cap-letter{width:1em;height:1em}.elementor-widget-text-editor .elementor-drop-cap{float:left;text-align:center;line-height:1;font-size:50px}.elementor-widget-text-editor .elementor-drop-cap-letter{display:inline-block}<\/style>\t\t\t\t<p><strong>Niezwykle oryginalny wianek,klimatyczna dekoracja na drzwi,\u015bcian\u0119,nad kominek.<\/strong><\/p><p><strong>Uszyty w naszej pracowni ,ozdobiony mn\u00f3stwem pi\u0119knych element\u00f3w.<\/strong><\/p><p><strong>Wyj\u0105tkowa ozdoba na lata.<\/strong><\/p><p><strong>\u015arednica oko\u0142o 38 cm<\/strong><\/p>\t\t\t\t\t\t<\/div>\n\t\t\t\t<\/div>\n\t\t\t\t\t<\/div>\n\t\t<\/div>\n\t\t\t\t\t\t\t<\/div>\n\t\t<\/section>\n\t\t\t\t\t\t\t<\/div>\n\t\t","protected":false},"excerpt":{"rendered":"<p>Niezwykle oryginalny wianek,klimatyczna dekoracja na drzwi,\u015bcian\u0119,nad kominek. Uszyty w naszej pracowni ,ozdobiony mn\u00f3stwem pi\u0119knych element\u00f3w. Wyj\u0105tkowa ozdoba na lata. \u015arednica oko\u0142o 38 cm<\/p>\n","protected":false},"featured_media":2138,"comment_status":"open","ping_status":"closed","template":"","meta":{"site-sidebar-layout":"default","site-content-layout":"default","ast-main-header-display":"","ast-hfb-above-header-display":"","ast-hfb-below-header-display":"","ast-hfb-mobile-header-display":"","site-post-title":"","ast-breadcrumbs-content":"","ast-featured-img":"","footer-sml-layout":"","theme-transparent-header-meta":"default","adv-header-id-meta":"","stick-header-meta":"default","header-above-stick-meta":"","header-main-stick-meta":"","header-below-stick-meta":"","spay_email":"","jetpack_publicize_message":"","jetpack_is_tweetstorm":false,"jetpack_publicize_feature_enabled":true},"product_cat":[29,57],"product_tag":[],"class_list":["post-2137","product","type-product","status-publish","has-post-thumbnail","hentry","product_cat-manufaktura","product_cat-swiateczne","align-center","box-shadow-0","box-shadow-0-hover","ast-product-gallery-layout-horizontal","ast-product-gallery-with-no-image","ast-product-tabs-layout-horizontal"],"yoast_head":"<!-- This site is optimized with the Yoast SEO plugin v18.8 - https:\/\/yoast.com\/wordpress\/plugins\/seo\/ -->\n<title>Be\u017cowy aksamitny wianek z kokard\u0105 w krat\u0119 - Moja Manufaktura<\/title>\n<meta name=\"robots\" content=\"index, follow, max-snippet:-1, max-image-preview:large, max-video-preview:-1\" \/>\n<link rel=\"canonical\" href=\"https:\/\/www.mojamanufaktura.pl\/index.php\/produkt\/bezowy-aksamitny-wianek-z-kokarda-w-krate\/\" \/>\n<meta property=\"og:locale\" content=\"pl_PL\" \/>\n<meta property=\"og:type\" content=\"article\" \/>\n<meta property=\"og:title\" content=\"Be\u017cowy aksamitny wianek z kokard\u0105 w krat\u0119 - Moja Manufaktura\" \/>\n<meta property=\"og:description\" content=\"Niezwykle oryginalny wianek,klimatyczna dekoracja na drzwi,\u015bcian\u0119,nad kominek. Uszyty w naszej pracowni ,ozdobiony mn\u00f3stwem pi\u0119knych element\u00f3w. Wyj\u0105tkowa ozdoba na lata. \u015arednica oko\u0142o 38 cm\" \/>\n<meta property=\"og:url\" content=\"https:\/\/www.mojamanufaktura.pl\/index.php\/produkt\/bezowy-aksamitny-wianek-z-kokarda-w-krate\/\" \/>\n<meta property=\"og:site_name\" content=\"Moja Manufaktura\" \/>\n<meta property=\"article:modified_time\" content=\"2025-11-28T10:06:56+00:00\" \/>\n<meta property=\"og:image\" content=\"https:\/\/www.mojamanufaktura.pl\/wp-content\/uploads\/2025\/11\/Bezowy-aksamitny-wianek-z-kokarda-w-krate-scaled.jpeg\" \/>\n\t<meta property=\"og:image:width\" content=\"2557\" \/>\n\t<meta property=\"og:image:height\" content=\"2560\" \/>\n\t<meta property=\"og:image:type\" content=\"image\/jpeg\" \/>\n<meta name=\"twitter:card\" content=\"summary_large_image\" \/>\n<script type=\"application\/ld+json\" class=\"yoast-schema-graph\">{\"@context\":\"https:\/\/schema.org\",\"@graph\":[{\"@type\":\"WebSite\",\"@id\":\"https:\/\/www.mojamanufaktura.pl\/#website\",\"url\":\"https:\/\/www.mojamanufaktura.pl\/\",\"name\":\"Moja Manufaktura\",\"description\":\"\",\"potentialAction\":[{\"@type\":\"SearchAction\",\"target\":{\"@type\":\"EntryPoint\",\"urlTemplate\":\"https:\/\/www.mojamanufaktura.pl\/?s={search_term_string}\"},\"query-input\":\"required name=search_term_string\"}],\"inLanguage\":\"pl-PL\"},{\"@type\":\"ImageObject\",\"inLanguage\":\"pl-PL\",\"@id\":\"https:\/\/www.mojamanufaktura.pl\/index.php\/produkt\/bezowy-aksamitny-wianek-z-kokarda-w-krate\/#primaryimage\",\"url\":\"https:\/\/www.mojamanufaktura.pl\/wp-content\/uploads\/2025\/11\/Bezowy-aksamitny-wianek-z-kokarda-w-krate-scaled.jpeg\",\"contentUrl\":\"https:\/\/www.mojamanufaktura.pl\/wp-content\/uploads\/2025\/11\/Bezowy-aksamitny-wianek-z-kokarda-w-krate-scaled.jpeg\",\"width\":2557,\"height\":2560},{\"@type\":\"WebPage\",\"@id\":\"https:\/\/www.mojamanufaktura.pl\/index.php\/produkt\/bezowy-aksamitny-wianek-z-kokarda-w-krate\/#webpage\",\"url\":\"https:\/\/www.mojamanufaktura.pl\/index.php\/produkt\/bezowy-aksamitny-wianek-z-kokarda-w-krate\/\",\"name\":\"Be\u017cowy aksamitny wianek z kokard\u0105 w krat\u0119 - Moja Manufaktura\",\"isPartOf\":{\"@id\":\"https:\/\/www.mojamanufaktura.pl\/#website\"},\"primaryImageOfPage\":{\"@id\":\"https:\/\/www.mojamanufaktura.pl\/index.php\/produkt\/bezowy-aksamitny-wianek-z-kokarda-w-krate\/#primaryimage\"},\"datePublished\":\"2025-11-28T10:06:08+00:00\",\"dateModified\":\"2025-11-28T10:06:56+00:00\",\"breadcrumb\":{\"@id\":\"https:\/\/www.mojamanufaktura.pl\/index.php\/produkt\/bezowy-aksamitny-wianek-z-kokarda-w-krate\/#breadcrumb\"},\"inLanguage\":\"pl-PL\",\"potentialAction\":[{\"@type\":\"ReadAction\",\"target\":[\"https:\/\/www.mojamanufaktura.pl\/index.php\/produkt\/bezowy-aksamitny-wianek-z-kokarda-w-krate\/\"]}]},{\"@type\":\"BreadcrumbList\",\"@id\":\"https:\/\/www.mojamanufaktura.pl\/index.php\/produkt\/bezowy-aksamitny-wianek-z-kokarda-w-krate\/#breadcrumb\",\"itemListElement\":[{\"@type\":\"ListItem\",\"position\":1,\"name\":\"Strona g\u0142\u00f3wna\",\"item\":\"https:\/\/www.mojamanufaktura.pl\/\"},{\"@type\":\"ListItem\",\"position\":2,\"name\":\"Sklep\",\"item\":\"https:\/\/www.mojamanufaktura.pl\/index.php\/sklep\/\"},{\"@type\":\"ListItem\",\"position\":3,\"name\":\"Be\u017cowy aksamitny wianek z kokard\u0105 w krat\u0119\"}]}]}<\/script>\n<!-- \/ Yoast SEO plugin. -->","yoast_head_json":{"title":"Be\u017cowy aksamitny wianek z kokard\u0105 w krat\u0119 - Moja Manufaktura","robots":{"index":"index","follow":"follow","max-snippet":"max-snippet:-1","max-image-preview":"max-image-preview:large","max-video-preview":"max-video-preview:-1"},"canonical":"https:\/\/www.mojamanufaktura.pl\/index.php\/produkt\/bezowy-aksamitny-wianek-z-kokarda-w-krate\/","og_locale":"pl_PL","og_type":"article","og_title":"Be\u017cowy aksamitny wianek z kokard\u0105 w krat\u0119 - Moja Manufaktura","og_description":"Niezwykle oryginalny wianek,klimatyczna dekoracja na drzwi,\u015bcian\u0119,nad kominek. Uszyty w naszej pracowni ,ozdobiony mn\u00f3stwem pi\u0119knych element\u00f3w. Wyj\u0105tkowa ozdoba na lata. \u015arednica oko\u0142o 38 cm","og_url":"https:\/\/www.mojamanufaktura.pl\/index.php\/produkt\/bezowy-aksamitny-wianek-z-kokarda-w-krate\/","og_site_name":"Moja Manufaktura","article_modified_time":"2025-11-28T10:06:56+00:00","og_image":[{"width":2557,"height":2560,"url":"https:\/\/www.mojamanufaktura.pl\/wp-content\/uploads\/2025\/11\/Bezowy-aksamitny-wianek-z-kokarda-w-krate-scaled.jpeg","type":"image\/jpeg"}],"twitter_card":"summary_large_image","schema":{"@context":"https:\/\/schema.org","@graph":[{"@type":"WebSite","@id":"https:\/\/www.mojamanufaktura.pl\/#website","url":"https:\/\/www.mojamanufaktura.pl\/","name":"Moja Manufaktura","description":"","potentialAction":[{"@type":"SearchAction","target":{"@type":"EntryPoint","urlTemplate":"https:\/\/www.mojamanufaktura.pl\/?s={search_term_string}"},"query-input":"required name=search_term_string"}],"inLanguage":"pl-PL"},{"@type":"ImageObject","inLanguage":"pl-PL","@id":"https:\/\/www.mojamanufaktura.pl\/index.php\/produkt\/bezowy-aksamitny-wianek-z-kokarda-w-krate\/#primaryimage","url":"https:\/\/www.mojamanufaktura.pl\/wp-content\/uploads\/2025\/11\/Bezowy-aksamitny-wianek-z-kokarda-w-krate-scaled.jpeg","contentUrl":"https:\/\/www.mojamanufaktura.pl\/wp-content\/uploads\/2025\/11\/Bezowy-aksamitny-wianek-z-kokarda-w-krate-scaled.jpeg","width":2557,"height":2560},{"@type":"WebPage","@id":"https:\/\/www.mojamanufaktura.pl\/index.php\/produkt\/bezowy-aksamitny-wianek-z-kokarda-w-krate\/#webpage","url":"https:\/\/www.mojamanufaktura.pl\/index.php\/produkt\/bezowy-aksamitny-wianek-z-kokarda-w-krate\/","name":"Be\u017cowy aksamitny wianek z kokard\u0105 w krat\u0119 - Moja Manufaktura","isPartOf":{"@id":"https:\/\/www.mojamanufaktura.pl\/#website"},"primaryImageOfPage":{"@id":"https:\/\/www.mojamanufaktura.pl\/index.php\/produkt\/bezowy-aksamitny-wianek-z-kokarda-w-krate\/#primaryimage"},"datePublished":"2025-11-28T10:06:08+00:00","dateModified":"2025-11-28T10:06:56+00:00","breadcrumb":{"@id":"https:\/\/www.mojamanufaktura.pl\/index.php\/produkt\/bezowy-aksamitny-wianek-z-kokarda-w-krate\/#breadcrumb"},"inLanguage":"pl-PL","potentialAction":[{"@type":"ReadAction","target":["https:\/\/www.mojamanufaktura.pl\/index.php\/produkt\/bezowy-aksamitny-wianek-z-kokarda-w-krate\/"]}]},{"@type":"BreadcrumbList","@id":"https:\/\/www.mojamanufaktura.pl\/index.php\/produkt\/bezowy-aksamitny-wianek-z-kokarda-w-krate\/#breadcrumb","itemListElement":[{"@type":"ListItem","position":1,"name":"Strona g\u0142\u00f3wna","item":"https:\/\/www.mojamanufaktura.pl\/"},{"@type":"ListItem","position":2,"name":"Sklep","item":"https:\/\/www.mojamanufaktura.pl\/index.php\/sklep\/"},{"@type":"ListItem","position":3,"name":"Be\u017cowy aksamitny wianek z kokard\u0105 w krat\u0119"}]}]}},"_links":{"self":[{"href":"https:\/\/www.mojamanufaktura.pl\/index.php\/wp-json\/wp\/v2\/product\/2137","targetHints":{"allow":["GET"]}}],"collection":[{"href":"https:\/\/www.mojamanufaktura.pl\/index.php\/wp-json\/wp\/v2\/product"}],"about":[{"href":"https:\/\/www.mojamanufaktura.pl\/index.php\/wp-json\/wp\/v2\/types\/product"}],"replies":[{"embeddable":true,"href":"https:\/\/www.mojamanufaktura.pl\/index.php\/wp-json\/wp\/v2\/comments?post=2137"}],"version-history":[{"count":1,"href":"https:\/\/www.mojamanufaktura.pl\/index.php\/wp-json\/wp\/v2\/product\/2137\/revisions"}],"predecessor-version":[{"id":2139,"href":"https:\/\/www.mojamanufaktura.pl\/index.php\/wp-json\/wp\/v2\/product\/2137\/revisions\/2139"}],"wp:featuredmedia":[{"embeddable":true,"href":"https:\/\/www.mojamanufaktura.pl\/index.php\/wp-json\/wp\/v2\/media\/2138"}],"wp:attachment":[{"href":"https:\/\/www.mojamanufaktura.pl\/index.php\/wp-json\/wp\/v2\/media?parent=2137"}],"wp:term":[{"taxonomy":"product_cat","embeddable":true,"href":"https:\/\/www.mojamanufaktura.pl\/index.php\/wp-json\/wp\/v2\/product_cat?post=2137"},{"taxonomy":"product_tag","embeddable":true,"href":"https:\/\/www.mojamanufaktura.pl\/index.php\/wp-json\/wp\/v2\/product_tag?post=2137"}],"curies":[{"name":"wp","href":"https:\/\/api.w.org\/{rel}","templated":true}]}}

Beżowy aksamitny wianek z kokardą w kratę

<div data-elementor-type="product-post" data-elementor-id="2137" class="elementor elementor-2137">
									<section class="elementor-section elementor-top-section elementor-element elementor-element-86526b6 elementor-section-boxed elementor-section-height-default elementor-section-height-default" data-id="86526b6" data-element_type="section" data-settings="{&quot;background_background&quot;:&quot;classic&quot;}">
						<div class="elementor-container elementor-column-gap-default">
					<div class="elementor-column elementor-col-100 elementor-top-column elementor-element elementor-element-7502953" data-id="7502953" data-element_type="column">
			<div class="elementor-widget-wrap elementor-element-populated">
								<div class="elementor-element elementor-element-6c9356e elementor-widget elementor-widget-text-editor" data-id="6c9356e" data-element_type="widget" data-widget_type="text-editor.default">
				<div class="elementor-widget-container">
			<style>/*! elementor - v3.6.5 - 27-04-2022 */
.elementor-widget-text-editor.elementor-drop-cap-view-stacked .elementor-drop-cap{background-color:#818a91;color:#fff}.elementor-widget-text-editor.elementor-drop-cap-view-framed .elementor-drop-cap{color:#818a91;border:3px solid;background-color:transparent}.elementor-widget-text-editor:not(.elementor-drop-cap-view-default) .elementor-drop-cap{margin-top:8px}.elementor-widget-text-editor:not(.elementor-drop-cap-view-default) .elementor-drop-cap-letter{width:1em;height:1em}.elementor-widget-text-editor .elementor-drop-cap{float:left;text-align:center;line-height:1;font-size:50px}.elementor-widget-text-editor .elementor-drop-cap-letter{display:inline-block}</style>				<p><strong>Niezwykle oryginalny wianek,klimatyczna dekoracja na drzwi,ścianę,nad kominek.</strong></p><p><strong>Uszyty w naszej pracowni ,ozdobiony mnóstwem pięknych elementów.</strong></p><p><strong>Wyjątkowa ozdoba na lata.</strong></p><p><strong>Średnica około 38 cm</strong></p>						</div>
				</div>
					</div>
		</div>
							</div>
		</section>
							</div>

<p>Niezwykle oryginalny wianek,klimatyczna dekoracja na drzwi,ścianę,nad kominek. Uszyty w naszej pracowni ,ozdobiony mnóstwem pięknych elementów. Wyjątkowa ozdoba na lata. Średnica około 38 cm</p>

<!-- This site is optimized with the Yoast SEO plugin v18.8 - https://yoast.com/wordpress/plugins/seo/ -->
<title>Beżowy aksamitny wianek z kokardą w kratę - Moja Manufaktura</title>
<meta name="robots" content="index, follow, max-snippet:-1, max-image-preview:large, max-video-preview:-1" />
<link rel="canonical" href="https://www.mojamanufaktura.pl/index.php/produkt/bezowy-aksamitny-wianek-z-kokarda-w-krate/" />
<meta property="og:locale" content="pl_PL" />
<meta property="og:type" content="article" />
<meta property="og:title" content="Beżowy aksamitny wianek z kokardą w kratę - Moja Manufaktura" />
<meta property="og:description" content="Niezwykle oryginalny wianek,klimatyczna dekoracja na drzwi,ścianę,nad kominek. Uszyty w naszej pracowni ,ozdobiony mnóstwem pięknych elementów. Wyjątkowa ozdoba na lata. Średnica około 38 cm" />
<meta property="og:url" content="https://www.mojamanufaktura.pl/index.php/produkt/bezowy-aksamitny-wianek-z-kokarda-w-krate/" />
<meta property="og:site_name" content="Moja Manufaktura" />
<meta property="article:modified_time" content="2025-11-28T10:06:56+00:00" />
<meta property="og:image" content="https://www.mojamanufaktura.pl/wp-content/uploads/2025/11/Bezowy-aksamitny-wianek-z-kokarda-w-krate-scaled.jpeg" />
	<meta property="og:image:width" content="2557" />
	<meta property="og:image:height" content="2560" />
	<meta property="og:image:type" content="image/jpeg" />
<meta name="twitter:card" content="summary_large_image" />
<script type="application/ld+json" class="yoast-schema-graph">{"@context":"https://schema.org","@graph":[{"@type":"WebSite","@id":"https://www.mojamanufaktura.pl/#website","url":"https://www.mojamanufaktura.pl/","name":"Moja Manufaktura","description":"","potentialAction":[{"@type":"SearchAction","target":{"@type":"EntryPoint","urlTemplate":"https://www.mojamanufaktura.pl/?s={search_term_string}"},"query-input":"required name=search_term_string"}],"inLanguage":"pl-PL"},{"@type":"ImageObject","inLanguage":"pl-PL","@id":"https://www.mojamanufaktura.pl/index.php/produkt/bezowy-aksamitny-wianek-z-kokarda-w-krate/#primaryimage","url":"https://www.mojamanufaktura.pl/wp-content/uploads/2025/11/Bezowy-aksamitny-wianek-z-kokarda-w-krate-scaled.jpeg","contentUrl":"https://www.mojamanufaktura.pl/wp-content/uploads/2025/11/Bezowy-aksamitny-wianek-z-kokarda-w-krate-scaled.jpeg","width":2557,"height":2560},{"@type":"WebPage","@id":"https://www.mojamanufaktura.pl/index.php/produkt/bezowy-aksamitny-wianek-z-kokarda-w-krate/#webpage","url":"https://www.mojamanufaktura.pl/index.php/produkt/bezowy-aksamitny-wianek-z-kokarda-w-krate/","name":"Beżowy aksamitny wianek z kokardą w kratę - Moja Manufaktura","isPartOf":{"@id":"https://www.mojamanufaktura.pl/#website"},"primaryImageOfPage":{"@id":"https://www.mojamanufaktura.pl/index.php/produkt/bezowy-aksamitny-wianek-z-kokarda-w-krate/#primaryimage"},"datePublished":"2025-11-28T10:06:08+00:00","dateModified":"2025-11-28T10:06:56+00:00","breadcrumb":{"@id":"https://www.mojamanufaktura.pl/index.php/produkt/bezowy-aksamitny-wianek-z-kokarda-w-krate/#breadcrumb"},"inLanguage":"pl-PL","potentialAction":[{"@type":"ReadAction","target":["https://www.mojamanufaktura.pl/index.php/produkt/bezowy-aksamitny-wianek-z-kokarda-w-krate/"]}]},{"@type":"BreadcrumbList","@id":"https://www.mojamanufaktura.pl/index.php/produkt/bezowy-aksamitny-wianek-z-kokarda-w-krate/#breadcrumb","itemListElement":[{"@type":"ListItem","position":1,"name":"Strona główna","item":"https://www.mojamanufaktura.pl/"},{"@type":"ListItem","position":2,"name":"Sklep","item":"https://www.mojamanufaktura.pl/index.php/sklep/"},{"@type":"ListItem","position":3,"name":"Beżowy aksamitny wianek z kokardą w kratę"}]}]}</script>
<!-- / Yoast SEO plugin. -->

Beżowy aksamitny wianek z kokardą w kratę - Moja Manufaktura

Niezwykle oryginalny wianek,klimatyczna dekoracja na drzwi,ścianę,nad kominek. Uszyty w naszej pracowni ,ozdobiony mnóstwem pięknych elementów. Wyjątkowa ozdoba na lata. Średnica około 38 cm

Strona główna
